?
8687351
In base 3, what is 2 - -202010012012?
202010012021
In base 10, what is 375 + -344188?
-343813
In base 10, what is 0 - 170964231?
-170964231
In base 15, what is 1eb193 - 2?
1eb191
In base 5, what is -3 - -12130044314?
12130044311
In base 12, what is 14b1088 - 31?
14b1057
In base 14, what is -708 - -4c8c?
4584
In base 12, what is 8b7 - 19b8?
-1101
In base 5, what is 1 + -1424024312?
-1424024311
In base 15, what is -2e32e - 16?
-2e345
In base 6, what is 3 - 4153204324?
-4153204321
In base 5, what is -12102234 + 2013?
-12100221
In base 10, what is 0 + 95185560?
95185560
In base 15, what is -69d9 - 2788?
-9272
In base 13, what is -3035 + -337?
-336c
In base 9, what is 34 - -4330?
4364
In base 8, what is 217203642 + 25?
217203667
In base 13, what is 30a2436 + 2?
30a2438
In base 3, what is -10202102002220 + -211?
-10202102010201
In base 11, what is 0 + -344702a?
-344702a
In base 9, what is 852634 + 84?
852728
In base 16, what is -54e1c24b - -5?
-54e1c246
In base 8, what is 12072560 - -155?
12072735
In base 15, what is 72 + -8a149?
-8a0c7
In base 8, what is 0 + -27605307?
-27605307
In base 6, what is 3305400 - 15?
3305341
In base 9, what is 42 + 144845?
144887
In base 5, what is -4 + -13041102441?
-13041103000
In base 2, what is 10010110111100011101 - 101000001?
10010110110111011100
In base 5, what is 4 + 1413310303243?
1413310303302
In base 12, what is -75a + 11585?
10a27
In base 4, what is 1002120 + -32201?
303313
In base 4, what is 2021 + 10103000?
10111021
In base 7, what is -63523535 + 0?
-63523535
In base 12, what is -62 + -19449?
-194ab
In base 10, what is 276700 - -36?
276736
In base 16, what is -1c + 82b?
80f
In base 6, what is 1100421 - -45?
1100510
In base 7, what is 221 + -401336?
-401115
In base 9, what is 1230 - 4005?
-2665
In base 11, what is -194 + -290062?
-290246
In base 4, what is -2322030 - -203300?
-2112130
In base 8, what is -62 + 42261544?
42261462
In base 2, what is 100110000100100100001 - 1001?
100110000100100011000
In base 4, what is 322232 + 213000?
1201232
In base 2, what is 11101010001111 - 1010010011001101?
-110101000111110
In base 9, what is 8524815 - 17?
8524787
In base 5, what is -3131343443 + -2?
-3131344000
In base 9, what is 576 - 116057?
-115371
In base 7, what is -21 + -21115636?
-21115660
In base 8, what is -3453 - -647?
-2604
In base 5, what is -112 + -3431100103?
-3431100220
In base 11, what is 0 - -3273230?
3273230
In base 6, what is -23 + 421335?
421312
In base 10, what is 5691590 - -1?
5691591
In base 16, what is -2 + -14b4b?
-14b4d
In base 14, what is -8 + -332481?
-332489
In base 11, what is -4325 - 3a2a1?
-43616
In base 13, what is 4 + b444937?
b44493b
In base 11, what is 6745 + 37?
6781
In base 15, what is 5a4c4e - e?
5a4c40
In base 8, what is 226 + -170311?
-170063
In base 5, what is 120014014201 - -1?
120014014202
In base 6, what is 11025313 + 104?
11025421
In base 7, what is 564105513 - -5?
564105521
In base 15, what is -4131 - -526?
-3b0a
In base 12, what is 2ab366 + -4?
2ab362
In base 14, what is -1789 + -ac?
-1857
In base 2, what is -101011011110100 + -11011101011?
-101110111011111
In base 3, what is 201200202210120102 - 10?
201200202210120022
In base 8, what is -22146 + 1753?
-20173
In base 2, what is -1100 + 111110110001001011?
111110110000111111
In base 13, what is -28 - cb25b?
-cb286
In base 11, what is -12 + -16684a3?
-1668505
In base 9, what is -2628 + -6638?
-10367
In base 14, what is -a1b111 - 1?
-a1b112
In base 14, what is 5a85b - 18?
5a843
In base 5, what is 2440342 + 3013?
2443410
In base 16, what is -f4d7 - -9c?
-f43b
In base 5, what is -11 + -2214130443?
-2214131004
In base 10, what is 2 + -22520644?
-22520642
In base 4, what is 3100122322 - -203?
3100123131
In base 14, what is 1385 + -887ab?
-87426
In base 8, what is -4 + 55400735?
55400731
In base 3, what is 10001121 + -20200000?
-10121102
In base 14, what is -a33 - bd?
-b12
In base 16, what is 7aa779 - -5?
7aa77e
In base 8, what is 754520 + 2470?
757210
In base 4, what is -1201 + -21323300?
-21331101
In base 9, what is 205 + 5678137?
5678343
In base 9, what is -37525 - -1544?
-35871
In base 13, what is 789c36 + 1?
789c37
In base 6, what is 5 + -311355430?
-311355421
In base 4, what is -10 + -101032012322?
-101032012332
In base 15, what is -382c62 - 12?
-382c74
In base 13, what is -28c2 + 27b1a?
25228
In base 3, what is 11102 + 1212012202100?
1212012220202
In base 15, what is -7d4e2e - 5?
-7d4e34
In base 13, what is 406 + 1445?
184b
In base 6, what is -25403243545 + -2?
-25403243551
In base 7, what is -100 + 1024353?
1024253
In base 12, what is 37793 - -3b?
37812
In base 13, what is 3987b6 - 6?
3987b0
In base 7, what is 5636305 - -1?
5636306
In base 10, what is -2378 + -5197?
-7575
In base 3, what is 22000022021100202 + -10?
22000022021100122
In base 8, what is 12614 - 63435?
-50621
In base 15, what is 3ca75 + -1e9?
3c87b
In base 9, what is 61 + 11157104?
11157165
In base 3, what is -12210 + -210010221002?
-210011010212
In base 13, what is 4 - 7c79b37?
-7c79b33
In base 12, what is 89 - -10161?
1022a
In base 3, what is -20012021202011 + -10000?
-20012021212011
In base 16, what is a6f + -1a323?
-198b4
In base 4, what is -101231 - 2300022?
-3001313
In base 7, what is -2 + 1514600?
1514565
In base 15, what is -1 - -206bdd?
206bdc
In base 14, what is -2771b + -a6?
-277c3
In base 6, what is -25103 - -231122?
202015
In base 5, what is -31100401244 - -1?
-31100401243
In base 6, what is 1 + -30433315?
-30433314
In base 7, what is -16403 + 32502?
13066
In base 13, what is 11 + -19225a3?
-1922592
In base 13, what is 5b + 354c86?
355014
In base 15, what is 26e + 1d3980?
1d3bee
In base 5, what is -10320 - 22230312?
-22241132
In base 16, what is -c7680 + 1?
-c767f
In base 5, what is 1 - -444313312?
444313313
In base 16, what is -8 - 1fdd601?
-1fdd609
In base 9, what is 4 - -451146365?
451146370
In base 12, what is 7baa51 - 1?
7baa50
In base 11, what is 98407 - 244?
98173
In base 16, what is 36 - -4c67f?
4c6b5
In base 3, what is 21022121112001210 - 2?
21022121112001201
In base 8, what is 4153 - 65560?
-61405
In base 7, what is 43561 - 316?
43242
In base 12, what is 75 + -24439b?
-244326
In base 10, what is 8041030 - -4?
8041034
In base 13, what is -28 + -231553?
-23157b
In base 14, what is -b3405 - -c3?
-b3322
In base 2, what is -111110010 - -111011001111100?
111010010001010
In base 7, what is 3605 + -15112?
-11204
In base 8, what is 22345745221 + -1?
22345745220
In base 6, what is 2144010340 + 4?
2144010344
In base 14, what is 5266 - -2b?
5293
In base 13, what is -6479564 - -4?
-6479560
In base 4, what is 2212121102 - 201?
2212120301
In base 5, what is -34 - -1421401?
1421312
In base 2, what is -1010011100011 + -1010000100110110011?
-1010001111010010110
In base 13, what is -2 - -157c953a?
157c9538
In base 14, what is -6b15 + -1c8?
-6cdd
In base 16, what is 17 + e4597?
e45ae
In base 9, what is 26467786 - 0?
26467786
In base 5, what is -203214 + 44?
-203120
In base 14, what is 207ad34 - -c?
207ad42
In base 5, what is 31000133344 - -11?
31000133410
In base 10, what is -634 - -290?
-344
In base 9, what is 1817622 - -471?
1818203
In base 4, what is 2232222 - -21311321?
30210203
In base 3, what is 102010210 + -2012122?
22221011
In base 2, what is -10011110101101101111100110 - 101?
-10011110101101101111101011
In base 2, what is 1111010111110110 + -111100?
1111010110111010
In base 12, what is -14242b + -151?
-142580
In base 11, what is 324600 + -7?
3245a4
In base 15, what is 89bb - 6a?
8951
In base 7, what is -3310005626 - 4?
-3310005633
In base 9, what is -5110134 + 33?
-5110101
In base 6, what is 11 + -115202213?
-115202202
In base 13, what is -74 - -2537729?
2537685
In base 2, what is -101100001010110111 + -1100100?
-101100001100011011
In base 3, what is 10002200000012 + -210?
10002122222102
In base 3, what is -111 - 101100202001?
-101100202112
In base 13, what is 35 + 13b7a80?
13b7ab5
In base 9, what is 334060 - -27?
334087
In base 9, what is 168 - 4750?
-4571
In base 4, what is -10 + -111100110033?
-111100110103
In base 6, what is 4021020 - 130?
4020450
In base 4, what is 323323 + 13103102?
20033031
In base 8, what is -4 + -503362022?
-503362026
In base 10, what is 5 - 1905357?
-1905352
In base 12, what is 4 - 25107710?
-25107708
In ba